se -20*g - 9 = -21*g. Let x(k) = k**2 - 9*k + 1. Give x(g).
1
Let s(b) = -b**2 + 6*b + 3. Let h be s(8). Let r(p) = -16*p**2 - 3*p - 36. Let l(f) = 7*f**2 + 18. Let w(x) = -9*l(x) - 4*r(x). Calculate w(h).
-5
Let u(h) = -7*h + 4. Let r(y) = -9*y + 5. Let l(n) = -4*n**3 - n**2 + 1. Let f be l(-1). Let a(v) = f*u(v) - 3*r(v). What is a(0)?
1
Let h(p) = -3*p**3 + p**2 - 2*p - 4. Let b(c) = 4*c**3 - 2*c**2 + 2*c + 5. Let g(x) = -4*b(x) - 5*h(x). Give g(3).
6
Let r = 63 + -59. Suppose q - 8 = 5*y + 4*q, 0 = r*y - q + 3. Let b(n) = 12*n**3 + 1. What is b(y)?
-11
Let w(a) = a**2 - 6*a - 1. Let j(s) = -2*s - 3. Let f(n) = -n**2 + 3*n + 1. Let c be f(4). Let o be j(c). Determine w(o).
-10
Let h(r) = -5*r + 4. Suppose 5*a = -2*z + 25, -4*a - 24*z = -22*z - 22. Determine h(a).
-11
Let a = 333 + -342. Let m(u) = u**2 + 9*u - 3. Determine m(a).
-3
Let n(i) be the first derivative of i**5/40 + i**4/12 + 5*i**3 + 7. Let v(o) be the third derivative of n(o). What is v(4)?
14
Let v(w) = -w**2 - 8*w - 5. Let p be -1*(-2)/(-1*10/35). Calculate v(p).
2
Let u(w) = 4*w**2 - 10*w - 2. Let b(t) = -17*t**2 + 41*t + 9. Let s(y) = -6*b(y) - 26*u(y). Give s(7).
-2
Let v(k) = k**2 + 1. Let b(y) = -4*y**2 + 3*y - 7. Let c(n) = b(n) + 3*v(n). What is c(3)?
-4
Let u(m) be the first derivative of -13 + 1/2*m**2 - 2*m. Let t = -4 + 7. Determine u(t).
1
Let b = -1 - 3. Let w(i) = 11*i - 10. Let h(u) = 5*u - 4. Let l(f) = 9*h(f) - 4*w(f). Determine l(b).
0
Let r(l) = -l**3 + 4*l**2 - l - 7. Let o be 2/15*-6*(0 - 5). Give r(o).
-11
Let f(a) = -5*a + 27. Let z be f(-13). Suppose 0 = z*b - 89*b + 18. Let s(n) = n**3 + 6*n**2 - n + 6. Determine s(b).
12
Let j(h) = -h**2 + 8*h - 11. Suppose 0 = -26*w + 40 + 90. Give j(w).
4
Suppose -5*i + 3*i + 28 = 0. Suppose 20 = 4*d - 4*k, 2*k - i = -4*d + 4*k. Let z(j) = -5*j**2 - j**3 - j**2 + d*j**2 + 4. Determine z(-4).
4
Let j = -514 - -497. Let q(d) = d - 25. What is q(j)?
-42
Let m(n) = -n**2 + 6*n + 28. Let q be m(9). Let y(t) = -3 - t + 4 - q. Give y(3).
-3
Let z(y) = -y**2 + 10*y - 9. Let l be z(9). Let q(v) = v - 12. Determine q(l).
-12
Let l(i) = -i - 2. Let n(y) be the second derivative of -2*y**5/5 + y**2/2 - 7*y. Let g be n(1). Give l(g).
5
Let s(f) = -f**2 - 8*f + 1. Let c be s(-9). Let n(k) = -2*k - 2. Give n(c).
14
Suppose 0 = -5*m + 3*m + 5*j, -3*j = 3*m - 21. Let o(a) be the third derivative of -1/6*a**3 + a**2 - 1/6*a**4 - 1/60*a**m + 0*a + 0. Give o(-4).
-1
Suppose 5*q - m = 50, -12*q + 3*m + 24 = -11*q. Suppose -q*b = -d - 5*b + 12, 0 = 5*d + 5*b + 40. Let c(f) = -f**3 - 3*f**2 - 2*f - 1. Calculate c(d).
23
Let o = -9 - -14. Let u = 24 + o. Let r(y) = -y - 29 + u. Determine r(-3).
3
Let m(x) be the third derivative of 0 - 6*x**2 + 1/12*x**4 + 1/2*x**3 + 0*x. Let p be (-1)/(-2*1/(-10)). What is m(p)?
-7
Let v(t) = 4*t + 2. Let d(b) = -b**2 + 16*b + 12. Let j be d(10). Let z be (j/(-45))/(4/(-10)). Let k = 2 - z. Calculate v(k).
-6
Suppose 4*p + 5*s = 16, -4*p + 9*p + 5*s - 15 = 0. Let i(t) = t**3 + 5*t**2 - 3. Let c be i(-5). Let w = c - p. Let r(g) = g**3 + 2*g - 1. What is r(w)?
-13
Let x(v) = -8*v**2 - 3*v + 8. Let c(p) = -7*p**2 - 3*p + 13 - 6 + 0. Let y(z) = 7*c(z) - 6*x(z). Let m be (-108)/(-27) - (2 + -2 - -7). What is y(m)?
1
Let s(i) = 5*i**3 + 71*i**2 + 14*i + 6. Let f be s(-14). Let t(a) = -4*a + 12. What is t(f)?
-12
Let z(k) be the third derivative of k**7/5040 - 7*k**6/360 + 13*k**5/20 + 5*k**2. Let f(l) be the third derivative of z(l). Give f(6).
-8
Let p(c) be the third derivative of c**5/60 + c**4/6 - c**3/3 - 17*c**2. What is p(-5)?
3
Suppose 0 = -7*h + h + 24. Let x(y) = -y. Let t(j) = j + 3. Let n(a) = t(a) + 4*x(a). What is n(h)?
-9
Let n(b) = -14*b**2 - 18*b + 11. Let c(p) = -3*p**2 - p + 1. Let k(z) = -4*c(z) + n(z). What is k(-8)?
-9
Suppose -3*o + 3*m = -2*m - 29, 5*o + 2*m - 38 = 0. Let s(w) = w**2 + w**2 + 4 + 6 - o + w. What is s(2)?
12
Let w(z) = 2*z**3 - 9*z - 21. Let b be w(-2). Let s(c) = -c**3 - 18*c**2 + 19*c + 5. Determine s(b).
5
Suppose -3*z = 3*w + 3, -4*z + 3*z = -4*w - 19. Let f(g) = -6*g - 1 + z*g + 8*g. What is f(-1)?
-6
Let h = -35 - -32. Let t be (-1)/((-65)/20 - h). Let f(o) be the second derivative of -o**5/20 + o**4/2 - 7*o**3/6 + 2*o**2 + 3*o. What is f(t)?
8
Let l(w) = -w - 7*w - 7*w + 16*w. Let z(c) = -c - 3. Let r(g) = -2*l(g) + z(g). What is r(-3)?
6
Let s(v) = -v**3 - 5*v**2 + v + 4. Let u = 10 + 0. Suppose -u = -12*a + 10*a. Suppose -2*p + 3 = -3*x - 2, -a = -3*p + 4*x. Give s(p).
-1
Let n be (-1)/8*2*0. Let s be -1*2 - 6/(-2). Let y(i) = -i**3 - s - i - i**2 + 2*i**3 - 2*i**3 - 3. What is y(n)?
-4
Let i(d) be the second derivative of d**5/10 + d**4/4 - 2*d**3/3 + 2*d - 128. Determine i(-3).
-15
Let q(w) = -15*w + 6. Let p(k) = -8*k + 3. Let z(d) = -9*p(d) + 5*q(d). Let m = -32 - -18. Let n be 1/7 - (-3 + (-16)/m). Give z(n).
-3
Let q(y) = -2 + 2 - 4 - 4*y. Let f(i) = -3*i - 3. Let l(a) = -6*f(a) + 5*q(a). Let u(t) = t**3 - 8*t**2 + t - 10. Let w be u(8). Determine l(w).
2
Let n(z) be the first derivative of -z**5/60 + z**4/4 + 25*z**2/2 - 3. Let r(t) be the second derivative of n(t). Give r(6).
0
Let o(z) be the third derivative of -z**6/12 - z**4/24 + z**3/3 - 4*z**2 + 15*z. Calculate o(1).
-9
Suppose 0 = 4*q - 58 + 34. Let f(z) = -3*z**2 + 5*z + 1. Let p(s) = -13*s**2 + 21*s + 5. Let u(b) = 9*f(b) - 2*p(b). Calculate u(q).
-19
Let x(v) = v**3 - 5*v**2 + 6. Let b = -617 + 622. What is x(b)?
6
Let p be (30/9)/((-2)/6). Let j be 25/(-10)*8/p. Let v(u) = u**2 + 4 + u**j - 1 + 2 + 6*u. Calculate v(-4).
13
Let v(p) = -p - 5. Suppose 0 = 2*t - 4*t - 38. Suppose -92*l + 64*l - 364 = 0. Let b = t - l. Calculate v(b).
1
Let x(d) = d**3 - 5*d**2 + 2*d - 4. Let o(u) = 2*u**2 - 3*u + 3. Let q be o(2). Let g be x(q). Let s(v) = -g + v + 6 + v. Give s(3).
6
Let q(b) = -b**3 + 2*b**2 - b - 1. Let m(l) = 7*l**3 - 16*l**2 + l + 6. Let v(r) = -m(r) - 6*q(r). Calculate v(6).
-42
Let j(u) be the second derivative of -u**7/2520 - u**6/720 - u**5/24 + 5*u**4/6 + 39*u. Let t(c) be the third derivative of j(c). Determine t(0).
-5
Let q(g) = -g**3 - 2*g**2 + 10*g + 12. Let k(w) = w**3 + 3*w**2 - 10*w - 13. Let i(f) = -6*k(f) - 5*q(f). What is i(-9)?
9
Suppose m = -3*m - 5*a - 36, a - 8 = 3*m. Let h(n) = -n - 2 + 2*n - 3 + 4. Let l(p) = p**2 + 7*p + 1. Let i(u) = 3*h(u) - l(u). Give i(m).
-4
Let m(g) = 14*g**3 - 6*g**2 + g. Let i(v) = 27*v**3 - 11*v**2 + 2*v. Let r(u) = 6*i(u) - 11*m(u). What is r(1)?
9
Suppose 2*b = -5*u - b - 17, 0 = 5*u - 2*b - 3. Let w(l) = -l**2 + 1. Let h(k) = 6*k**2 - 4. Let y(g) = u*h(g) - 5*w(g). What is y(2)?
-5
Let a(n) = -n + 1. Let m(i) = -10*i + 4. Let y(g) = -20*g + 8. Let u(d) = -5*m(d) + 3*y(d). Let z(f) = 3*a(f) - u(f). Give z(-1).
-8
Suppose m + g = 0, -5 + 3 = m + 3*g. Let y(q) = 3 + 3*q + m - q - q. Give y(5).
9
Let p(b) = -3*b - 14. Let c(i) = -i - 6. Let r(m) = -5*c(m) + 2*p(m). Give r(13).
-11
Let s(h) = -h + 5. Let w be s(6). Let i be -2 + w/(-1) + -4. Let x(y) be the second derivative of -y**4/12 - y**3/3 + 3*y**2 + 17*y. Determine x(i).
-9
Suppose 0 = -4*v + 8*v + 36. Let a = v - -7. Let p(o) = -11 - 4 + 20 - 4*o - 6. Determine p(a).
7
Let a(f) = -2*f**2 + 3*f - 2. Let u(p) = p**3 - 9*p**2 + 10*p - 14. Let n be u(8). Calculate a(n).
-4
Let x(c) = -c**3 + 4*c**2 - c - 4. Let y(m) = -10*m - 76. Let a be y(-8). What is x(a)?
-8
Suppose b + 2*b - 13 = x, x = -4. Let i(v) = 0*v**b - 1190 + 3*v + 1186 - 4*v**2 - v**3. Give i(-5).
6
Let t = 99 - 106. Let f(v) = v**2 + 10*v + 9. What is f(t)?
-12
Let t(c) = c - 4. Let k be t(6). Let d be 0/(-2*(-9)/(-6)). Let w(l) = d - 7*l - l**3 - 4*l + 3*l**2 + 3 + 7*l. Calculate w(k).
-1
Let q be 0 - 1/(-1 + 0). Let x(l) = l**2 + 21*l - 2. Let z(g) = -13*g**2 + 42*g - 5. Let f(i) = 2*x(i) - z(i). Calculate f(q).
16
Let s be 15/(-10) + 5 + 35/(-10). Let m(y) be the second derivative of 1/3*y**3 + s - 1/12*y**4 - 2*y + 1/2*y**2. What is m(4)?
-7
Let z be 8/2*-12*(-7)/112. Suppose m = 5*v, -z*v - 3*m + 14 = -4. Let n(k) = -14*k + 1. Determine n(v).
-13
Let p(i) = i**3 + 4*i**2 - 9*i - 1. Let z be (-14)/(-7) + (-11 - -3). Give p(z).
-19
Let c(d) = -d**3 - 4*d**2 - 2*d - 5. Let a be c(-4). Suppose -5*r = i + a, 4*i - i + 9 = -3*r. Let v(j) = -29 + 14 + 3*j + 18. Give v(i).
-6
Let z(n) be the third derivative of n**6/120 - n